hat are the prime factors of 37892?
2, 9473
What are the prime factors of 2026?
2, 1013
List the prime factors of 2302.
2, 1151
List the prime factors of 929.
929
List the prime factors of 1877.
1877
What are the prime factors of 6267?
3, 2089
List the prime factors of 12400.
2, 5, 31
What are the prime factors of 31465?
5, 7, 29, 31
What are the prime factors of 11383?
11383
What are the prime factors of 18357?
3, 29, 211
List the prime factors of 945.
3, 5, 7
What are the prime factors of 5544?
2, 3, 7, 11
List the prime factors of 19358.
2, 9679
What are the prime factors of 12050?
2, 5, 241
List the prime factors of 1848.
2, 3, 7, 11
What are the prime factors of 1387?
19, 73
List the prime factors of 113627.
37, 83
List the prime factors of 4163.
23, 181
What are the prime factors of 10334?
2, 5167
List the prime factors of 1264.
2, 79
What are the prime factors of 35957?
41, 877
What are the prime factors of 7315?
5, 7, 11, 19
List the prime factors of 19426.
2, 11, 883
List the prime factors of 12080.
2, 5, 151
What are the prime factors of 18475?
5, 739
What are the prime factors of 1006?
2, 503
List the prime factors of 162293.
162293
List the prime factors of 25671.
3, 43, 199
What are the prime factors of 19?
19
List the prime factors of 103375.
5, 827
List the prime factors of 21072.
2, 3, 439
List the prime factors of 3857.
7, 19, 29
What are the prime factors of 3156?
2, 3, 263
List the prime factors of 6707.
19, 353
List the prime factors of 7328.
2, 229
List the prime factors of 202.
2, 101
List the prime factors of 477.
3, 53
List the prime factors of 53286.
2, 3, 83, 107
List the prime factors of 1368.
2, 3, 19
List the prime factors of 11415.
3, 5, 761
List the prime factors of 626.
2, 313
List the prime factors of 9279.
3, 1031
List the prime factors of 69.
3, 23
What are the prime factors of 9359?
7, 191
What are the prime factors of 12525?
3, 5, 167
What are the prime factors of 302?
2, 151
List the prime factors of 1280.
2, 5
What are the prime factors of 11493?
3, 1277
List the prime factors of 22923.
3, 283
What are the prime factors of 13783?
7, 11, 179
List the prime factors of 45401.
83, 547
What are the prime factors of 1853?
17, 109
List the prime factors of 98780.
2, 5, 11, 449
What are the prime factors of 126806?
2, 19, 47, 71
List the prime factors of 28402.
2, 11, 1291
List the prime factors of 476.
2, 7, 17
What are the prime factors of 303?
3, 101
List the prime factors of 12399.
3, 4133
List the prime factors of 50186.
2, 23, 1091
What are the prime factors of 87084?
2, 3, 41, 59
List the prime factors of 34669.
37, 937
What are the prime factors of 285?
3, 5, 19
List the prime factors of 35413.
7, 5059
What are the prime factors of 82787?
82787
What are the prime factors of 778?
2, 389
What are the prime factors of 74?
2, 37
What are the prime factors of 20932?
2, 5233
List the prime factors of 10121.
29, 349
List the prime factors of 2819.
2819
List the prime factors of 2357.
2357
List the prime factors of 505.
5, 101
List the prime factors of 1101.
3, 367
What are the prime factors of 2050?
2, 5, 41
What are the prime factors of 11083?
11083
What are the prime factors of 5527?
5527
List the prime factors of 87680.
2, 5, 137
What are the prime factors of 5596?
2, 1399
List the prime factors of 11446.
2, 59, 97
What are the prime factors of 5922?
2, 3, 7, 47
What are the prime factors of 33239?
43, 773
List the prime factors of 4428.
2, 3, 41
List the prime factors of 1171.
1171
List the prime factors of 56879.
23, 2473
List the prime factors of 13720.
2, 5, 7
What are the prime factors of 1586?
2, 13, 61
List the prime factors of 536.
2, 67
What are the prime factors of 22709?
22709
What are the prime factors of 5997?
3, 1999
What are the prime factors of 1195?
5, 239
What are the prime factors of 1134?
2, 3, 7
What are the prime factors of 1881?
3, 11, 19
What are the prime factors of 6205?
5, 17, 73
List the prime factors of 5640.
2, 3, 5, 47
What are the prime factors of 18830?
2, 5, 7, 269
List the prime factors of 614.
2, 307
List the prime factors of 79267.
31, 2557
What are the prime factors of 3713?
47, 79
What are the prime factors of 16336?
2, 1021
List the prime factors of 13146.
2, 3, 7, 313
What are the prime factors of 17051?
17, 59
List the prime factors of 1172.
2, 293
List the prime factors of 24064.
2, 47
List the prime factors of 35355.
3, 5, 2357
What are the prime factors of 23675?
5, 947
What are the prime factors of 407?
11, 37
List the prime factors of 6879.
3, 2293
List the prime factors of 811.
811
List the prime factors of 10812.
2, 3, 17, 53
List the prime factors of 62468.
2, 7, 23, 97
List the prime factors of 23316.
2, 3, 29, 67
List the prime factors of 39892.
2, 9973
What are the prime factors of 44650?
2, 5, 19, 47
List the prime factors of 16053.
3, 5351
List the prime factors of 7505.
5, 19, 79
What are the prime factors of 28774?
2, 14387
What are the prime factors of 4786?
2, 2393
What are the prime factors of 16605?
3, 5, 41
What are the prime factors of 7007?
7, 11, 13
List the prime factors of 12492.
2, 3, 347
List the prime factors of 11686.
2, 5843
List the prime factors of 206676.
2, 3, 5741
What are the prime factors of 806?
2, 13, 31
What are the prime factors of 8190?
2, 3, 5, 7, 13
List the prime factors of 7071.
3, 2357
What are the prime factors of 144049?
23, 6263
What are the prime factors of 151?
151
What are the prime factors of 12673?
19, 23, 29
List the prime factors of 235.
5, 47
List the prime factors of 5224.
2, 653
List the prime factors of 1013.
1013
List the prime factors of 2462.
2, 1231
What are the prime factors of 94144?
2, 1471
List the prime factors of 18564.
2, 3, 7, 13, 17
List the prime factors of 25258.
2, 73, 173
List the prime factors of 4200.
2, 3, 5, 7
List the prime factors of 5918.
2, 11, 269
What are the prime factors of 3182?
2, 37, 43
List the prime factors of 11255.
5, 2251
What are the prime factors of 845?
5, 13
List the prime factors of 223.
223
What are the prime factors of 2573?
31, 83
What are the prime factors of 19970?
2, 5, 1997
What are the prime factors of 3143?
7, 449
What are the prime factors of 1057?
7, 151
List the prime factors of 13739.
11, 1249
What are the prime factors of 1833?
3, 13, 47
List the prime factors of 10899.
3, 7, 173
List the prime factors of 5053.
31, 163
List the prime factors of 12447.
3, 461
List the prime factors of 761.
761
What are the prime factors of 225?
3, 5
List the prime factors of 3623.
3623
List the prime factors of 2051.
7, 293
What are the prime factors of 20838?
2, 3, 23, 151
List the prime factors of 48741.
3, 7, 11, 211
List the prime factors of 2019.
3, 673
List the prime factors of 8687.
7, 17, 73
What are the prime factors of 18849?
3, 61, 103
What are the prime factors of 36274?
2, 7, 2591
What are the prime factors of 10254?
2, 3, 1709
What are the prime factors of 5382?
2, 3, 13, 23
List the prime factors of 12897.
3, 1433
List the prime factors of 28355.
5, 53, 107
What are the prime factors of 16227?
3, 601
List the prime factors of 128623.
11, 1063
What are the prime factors of 10961?
97, 113
What are the prime factors of 57703?
19, 3037
List the prime factors of 15007.
43, 349
List the prime factors of 1080.
2, 3, 5
What are the prime factors of 1406?
2, 19, 37
List the prime factors of 30.
2, 3, 5
What are the prime factors of 1045?
5, 11, 19
List the prime factors of 898.
2, 449
List the prime factors of 480.
2, 3, 5
What are the prime factors of 4942?
2, 7, 353
List the prime factors of 13261.
89, 149
List the prime factors of 19729.
109, 181
What are the prime factors of 92308?
2, 47, 491
What are the prime factors of 34466?
2, 19, 907
What are the prime factors of 41698?
2, 20849
What are the prime factors of 1127?
7, 23
List the prime factors of 66771.
3, 2473
List the prime factors of 13805.
5, 11, 251
What are the prime factors of 38257?
67, 571
What are the prime factors of 93215?
5, 103, 181
List the prime factors of 1179.
3, 131
List the prime factors of 4930.
2, 5, 17, 29
What are the prime factors of 3839?
11, 349
List the prime factors of 6676.
2, 1669
What are the prime factors of 618?
2, 3, 103
What are the prime factors of 16134?
2, 3, 268